 + d. What is the units digit of t?
8
Let i(f) = -f**2 - 6*f + 4. Let y be i(-6). Suppose -5*p + y*p = -200. What is the tens digit of p?
0
Let a(u) = 32*u**3 + 2*u**2. Let c be a(2). Suppose -c = -3*r - 30. What is the units digit of r?
8
Suppose -3*c = -2*u - 888 + 5206, 3*u = -4*c + 6511. What is the units digit of u?
5
Suppose -13 = -4*h - 1. Suppose 3*d = h*s - 693, s + 0*s = 4*d + 234. What is the hundreds digit of s?
2
Let z be -1 + (-4 + 3)*-2. Suppose -x + z + 3 = 0. Suppose -111 = -x*l + 117. What is the tens digit of l?
5
Suppose 5696 + 874 = -3*c. What is the hundreds digit of 1*4*c/(-40)?
2
Suppose -2*p = 3*l + 51, 2*p + 5*l + 50 = l. Let c = p - -30. What is the units digit of c?
3
Suppose 4*y - 6 = -2*g, 0 = 4*y - 0*g - g + 3. Suppose y = -u + 3*u - 96. Let x = 68 - u. What is the units digit of x?
0
Let g = 2971 - 1662. What is the tens digit of g?
0
Let u(a) = 4*a**2 + 16*a - 98. What is the units digit of u(8)?
6
Let y(t) = -328*t + 70. What is the tens digit of y(-2)?
2
Suppose -50*j = -33*j - 21726. What is the hundreds digit of j?
2
Let b(d) = 6 - 5 + 5 + 6. Let l(j) = j + 12. Let f(q) = 3*b(q) - 2*l(q). What is the units digit of f(-6)?
4
Let d be (-12)/48 - (-1370)/8. Let w = d + -33. Suppose 0 = 5*c - j - w, -2*j - 2*j - 48 = -2*c. What is the tens digit of c?
2
Let l(v) = 3*v**3 + 50*v**2 + 8*v + 15. Let y(f) = f**3 + 17*f**2 + 3*f + 5. Let d(r) = 4*l(r) - 11*y(r). What is the units digit of d(-13)?
8
Let j(x) = 21*x + 9. Let n be j(6). What is the units digit of -2*-3*4/6 + n?
9
Let x(v) = 7*v**2 + 4*v**2 + 3*v + 11 + 7*v**2. What is the hundreds digit of x(-4)?
2
Suppose -2*y - 3*y + 1395 = 0. What is the units digit of y?
9
Let u(r) = -r**2 + 4*r - 4. Let d be u(4). What is the units digit of (24/4)/((-4)/88*d)?
3
Suppose 0 = 4*g - 5*l + 17, -3*g = 3*l - 7*l + 14. Suppose -a + g*s = -146, a + s - 104 = 36. What is the tens digit of a?
4
Let n(v) = -v**3 - v**2 + 1. Let o be n(1). Let f = -19 - o. Let p = f + 31. What is the units digit of p?
3
Let t(y) = y - 4. Let q be t(2). Let p be q - ((-1)/1 - 18). Let s = 38 - p. What is the tens digit of s?
2
Let k = 82 + -47. Suppose 2*j - k = 5*l, -j + 2 = 2*l + 7. Suppose 0 = -j*a, a = 2*d - 20 - 22. What is the units digit of d?
1
Suppose w - 1738 = -368. What is the units digit of w?
0
Suppose -3*o + 0*c - 3*c + 18 = 0, -4*o - 3*c = -21. Let t be (o + -6)*2/(-6). What is the tens digit of 2 - t - (-16)/1?
1
Suppose 0 = -33*k + 57912 - 16596. What is the hundreds digit of k?
2
What is the hundreds digit of (-575 - -581)/(-1*3/(-97))?
1
Let w(a) = -14*a**3 + 2*a**2 - 1. Suppose -4*b + b + 9 = 0. Suppose 6*l = b*l - 3. What is the tens digit of w(l)?
1
Let f(y) = y**2 + 2*y - 9. Let v be f(-6). Suppose -2*w - 23 = 3*a, -a = -5*w - 0*w - v. What is the tens digit of 260/(-16)*w/1?
6
Let c = 157 + -81. Suppose -c = 3*l - 289. What is the tens digit of l?
7
Let w(m) = -m**3 + 7*m**2 - m + 10. Let a = 32 - 25. What is the units digit of w(a)?
3
Let f(a) be the second derivative of -a**4/12 + 5*a**3/3 - 9*a**2/2 + 2*a. Let l be f(9). Suppose -2*k + 6*k - 184 = l. What is the units digit of k?
6
Let k(a) = 4*a**2 + 23*a - 3. Let y(x) = 2*x**2 + 11*x - 2. Let l(z) = -6*k(z) + 13*y(z). What is the units digit of l(-5)?
7
Let q(s) = -s**2 - 11*s - 4. Suppose 0 = -9*h + 5*h. Suppose h = -5*v + 25, 8*p + 2*v + 20 = 3*p. What is the units digit of q(p)?
6
Suppose 3*j - 79 = 2*o - 25, -4*o - 12 = 0. Suppose -276 + j = -2*k. What is the units digit of k?
0
Let o(f) = -58*f - 1. Let t be o(-5). Suppose 3*x = 4*r + 190, -2*r = -3*x + t - 101. What is the units digit of x?
2
Let t be (3 + 8/(-3))*15. Suppose 0*a + t*a - 25 = 0. Suppose 8*m + a*z - 180 = 3*m, 0 = -5*m - 2*z + 186. What is the units digit of m?
8
Let i(z) = -z**3 - 8*z**2 - 5*z + 1. Suppose -2*w - 4 = 0, -2*w = -5*j + 2*j + 10. Suppose 5*l + 12 = y, -4 = -j*y + l + 4*l. What is the units digit of i(y)?
1
Let i be 2/(-4) + (-3)/(-6). Let c be (-2 - -2)*(-1 + i). Let f(u) = -u**3 - u**2 - 2*u + 34. What is the tens digit of f(c)?
3
Let t be ((-2)/(-6))/(18/(-702)). Let f = t - -13. Suppose -3*n - 6 = 0, 4*k + f*n + 5*n - 242 = 0. What is the tens digit of k?
6
Suppose 3 = h + 2, 0 = -3*p - 2*h + 1619. What is the hundreds digit of p?
5
Let l be 2 + 4/((-8)/14). Let s be (-2)/(-4) - l/10. What is the units digit of s + 3/1 + -2?
2
Let j = 16 - 16. Suppose j = -5*p + 7*p - 126. What is the units digit of p?
3
What is the tens digit of 559 - (-7)/(9 + -2)?
6
Suppose -6*k + 22 = -4*k. What is the tens digit of -7 + k - (-135 + 2)?
3
Let h = -10 - -19. What is the units digit of -57*(30/h - 4)?
8
Let j = 421 - 82. What is the hundreds digit of j?
3
Let d(i) = -i**3 + 4*i**2 + 3*i - 10. Let p be d(5). What is the tens digit of ((-48)/p)/(-6) - (-222)/5?
4
Let k(s) = s**3 + 5*s**2 + 6*s + 3. Let u be k(-2). What is the tens digit of (-2)/(355/119 - u)?
1
Suppose 0 = -z + u + 3, -14 = -3*u - 5. Suppose z*j - 846 = -282. What is the tens digit of j?
9
Let d be (-20)/6*36/(-30). What is the tens digit of 34*(0 + -3 + d)?
3
Let v = -2835 - -6032. What is the thousands digit of v?
3
Suppose 197 = 4*x + 21. Let t be (-1)/7 - x/(-14). What is the units digit of ((-16)/3)/((-2)/t)?
8
What is the tens digit of ((-22106)/(-70))/((-1)/(-5))?
7
Suppose -6 - 10 = -2*o. Let s = 119 - 78. Let f = s - o. What is the tens digit of f?
3
Let v(t) = -t**2 - 7*t + 4. What is the units digit of v(-3)?
6
Suppose -h + 4*h + 24 = 5*n, n = 5*h + 18. Suppose -161 + n = -a. What is the tens digit of a?
5
Let r(i) be the first derivative of -i**2 - 1/4*i**4 - 3*i + 9 - i**3. What is the units digit of r(-3)?
3
Suppose 0 = 5*m + 24*p - 23*p - 6375, 4*p + 3802 = 3*m. What is the thousands digit of m?
1
What is the units digit of (7567/14)/((-2)/(-20)) + -8?
7
Suppose -i = 2*q - 4, 5*i - 5*q = -3*q + 20. What is the units digit of i/(-14) + 1902/42?
5
Suppose 0 = -5*z + 3*u + 3661 + 394, 4*z = -4*u + 3276. What is the units digit of z?
4
Suppose 1280 = 4*l + 4*k, -83 = -3*l + 5*k + 877. What is the hundreds digit of l?
3
Suppose -16*j = -9*j - 1785. What is the tens digit of j?
5
Suppose -3*w - 3*o + 1141 - 220 = 0, -2*o - 10 = 0. What is the hundreds digit of w?
3
Suppose 65 = m + 17. What is the units digit of m?
8
Let y(x) = 4*x + 9. Let q be y(7). Suppose -5*i + q = -3. Suppose -2*u + 8 = -i. What is the units digit of u?
8
Suppose 0 = -5*l + 15, 3 = -2*q + 4*l + 1. Let x = q + -13. Let y = x + 14. What is the units digit of y?
6
Let u = 120 + -44. Suppose -u = -y + 9. What is the tens digit of y?
8
Let r be (1 - 4)*14/(-21). Suppose -5*f = 2*z + 10 - 77, r*f = -3*z + 84. What is the units digit of z?
6
Suppose -303 = -8*o + 5*o. Suppose 20 = -t + o. What is the units digit of t?
1
Suppose -2*s + 3 = -7. Suppose -n + 71 = y, -n + s*y = -4*n + 219. What is the tens digit of n?
6
Suppose 0 = 93*t - 116*t + 76981. What is the hundreds digit of t?
3
What is the hundreds digit of 126 - (-6 - -6 - 1)?
1
Let v(t) = t**3 - 7*t**2 + 2*t + 7. Let g be v(7). Let n = 34 - g. Let o = n + 1. What is the tens digit of o?
1
Let n be ((-2)/(-4))/((-2)/(-4)). Let t(g) be the second derivative of 10*g**3/3 + g**2/2 - 15*g + 2. What is the tens digit of t(n)?
2
Suppose 2*y = -2*m + 2952, 1484 = y - 0*m + 3*m. What is the tens digit of y?
7
Let r be -6*(1 + 1)/(-2). Suppose -4*c + 81 = -3*f, r*c + 3*f - 27 = 4*c. What is the tens digit of c?
1
Let l(p) = -p**2 + 7*p + 6. Let x be l(7). Let r(o) = 0*o**3 + 9*o + o**2 + x*o**2 + 8 + o**3 - 2*o**3. What is the tens digit of r(7)?
7
Let y = -941 + 1742. What is the tens digit of y?
0
Let o = 35 + -31. Suppose 3*l + o*c + 10 = 49, 0 = 3*l + c - 30. What is the units digit of l?
9
Let v = 151 - -741. What is the units digit of v?
2
Suppose 3*f + 73 = -5*c, 0 = -4*f - 9*c + 11*c - 54. Suppose 0*a - 5*a = 30. What is the tens digit of (f/12)/(a/63)?
1
Suppose 9 = -k + 30. Suppose -22*z = -k*z - 26. What is the tens digit of z?
2
Let b(h) = -h**3 - 16*h**2 - 16*h - 8. Let t be b(-15). Let x = -3 + t. Suppose -z = 5, -5*v + z = -x*z - 140. What is the units digit of v?
3
Let c(x) = x**3 - 7*x**2 - 19*x + 10. Let o be c(9). What is the tens digit of (917/5 - o) + (-4)/10?
8
Let u = 1 - 40. Suppose 5*p + 94 = 4*o, 5*p + 42 = -o - 72. Let l